 - (23 - -23) - -31.
0
14 + (30 - 12 - 37)
-5
12 + -27 + (13 - 25)
-27
Evaluate (150 - 143) + (10 - -1).
18
Evaluate (8 - -3) + (36 - 49) - -11.
9
-1 + -18 + (-32 - -32 - (-2 + 0))
-17
Evaluate (18 - 20 - (10 + -2)) + 6.
-4
Evaluate -2 - (1 + -12 - (-74 - -68)).
3
Evaluate 6 + -2 - 21 - -10.
-7
What is -13 + -48 + 52 - (-12 + 1)?
2
What is 1 + -10 + -3 + 78 + -79?
-13
What is (4 - ((-4 - -9) + -3)) + -1 + 22?
23
What is the value of -3 - (-2 + 6 + -9 + 5 + -2)?
-1
Calculate (-2 - 5) + -29 + (-7 - -29).
-14
What is 22 + -11 + -9 + 24?
26
Calculate -145 + 163 + -41 + -3.
-26
Evaluate -5 + -4 + (36 - 18).
9
Evaluate (-3 - (-14 - 9)) + (-6 - 1).
13
What is the value of (0 - 1) + 4 + (-2 - (-5 - -9))?
-3
Calculate 8 + -16 + (8 - -2) + 0.
2
Evaluate -1322 - -1296 - (5 + 2 + -1).
-32
What is the value of (9 + (10 - 7) - 4) + 4 + -2?
10
Evaluate (3 - (-29 - -31 - (1 + -9))) + 7.
0
What is the value of -1 + 31 - (597 - 580)?
13
-26 - -11 - (-3 + -18)
6
Evaluate (5 - -10) + (0 - 10) + (-2 - -2).
5
(2 + 6 - (-6 + 29)) + 6
-9
Evaluate -182 - -170 - (6 - 4).
-14
What is the value of 5 + 23 + 6 - 57?
-23
What is the value of 8 - (-9 + 4 + 15)?
-2
Evaluate 3 + -3 + 5 + (-11 - -10 - 16).
-12
What is the value of 30 + -5 + 3 + -13 + 8 - -4?
27
What is the value of 0 - -1 - (-16 - (-14 - -3) - 4)?
10
-8 + (-10 - (0 - (-5 - -8)))
-15
Evaluate (-13 - (-40 + 24)) + (3 - -23).
29
What is 21 + -1 + -33 + -8 - (9 - 1)?
-29
What is -1 - (5 - -5) - -22 - (4 + 0)?
7
Calculate 9 - 0 - ((8 - -9) + -19).
11
-7 + 3 + (14 - 4) - -7
13
What is (32 - 23 - (0 + 7)) + -10 + 3?
-5
Evaluate -21 - ((-14 + 7 - 2 - -8) + -1).
-19
Evaluate (62 - 61 - (12 + -1)) + (7 - 0).
-3
Evaluate -2 + 2 - (1 - (-16 - -6 - -5)).
-6
What is 0 - 5 - (-4 - ((3 - 4) + -2))?
-4
What is the value of (0 + 0 + 0 - (-3 + -1)) + 7?
11
-16 + (-1 - -2) - (-4 + 33 + -33)
-11
Calculate 0 + -13 - (-18 - -3).
2
What is -6 + (0 + 7 + -3 - (3 - 13))?
8
(4 + -2 - 1) + -8 + (8 - 8)
-7
What is the value of 4 + -15 + (-13 - -11)?
-13
6 + (-9 - (-6 + (0 - -8)))
-5
Evaluate 2 + (2 - (-6 - ((12 - 4) + -5))).
13
What is the value of -1 - -5 - (-6 + (1 - (-3 + 6)))?
12
Calculate 44 + -25 + 27 + -36.
10
Calculate -8 - (14 - (-9 - -24)).
-7
(-10 - (1 - 31)) + -8
12
19 - (-4 + -10 + 20)
13
What is the value of (2 + -8 - 0) + 22 + -23 + -14?
-21
Evaluate -122 - -126 - (7 + 1 - 3).
-1
Evaluate -3 + -5 - -11 - (-9 + 28 + 9).
-25
What is the value of -1 - (-8 + 1 + (-7 + 1 - -6))?
6
Evaluate 7 + 2 + -2 + (7 - 24) + -17.
-27
What is -1 + 10 + 0 + 5 + -5?
9
What is the value of (-2 + 7 - (3 + 4)) + 2 - 8?
-8
What is 27 + (-36 - -11) - (-24 - -5)?
21
What is (14 - (9 + 3)) + -11 + -8 + 9?
-8
Calculate -13 + -22 + -9 + 60.
16
What is the value of -4 - -15 - (56 - 25)?
-20
What is (4 + 7 + -1 + -11 - 6) + -5?
-12
What is the value of 2 - ((-8 - -7) + (3 - 0)) - 8?
-8
7 + (-13 - (-6 - -7)) + 2 + 1
-4
What is -16 + (50 - 29) + -29?
-24
(-31 + -4 - ((3 - -3) + -2)) + 10
-29
0 + (-13 - (3 - (3 - 1) - 5))
-9
What is the value of 4 - (34 + -36 - (0 + 3))?
9
Calculate -6 - 29 - (-44 - -24).
-15
Evaluate -26 - (-14 + 2 + -10 + 19).
-23
Evaluate 9 + (3 - (4 + 4)).
4
Evaluate -14 + -22 + (-24 - -42).
-18
What is the value of -5 + 2 + 4 - (-15 - (-5 + 1))?
12
What is the value of -320 - -314 - (-16 + 1)?
9
Calculate 0 - (-10 + 8 + -4).
6
What is 14 + (4 - 5) + 0 + 2 + -7?
8
Calculate -3 + (-1 - -1 - -2) + (18 - 29).
-12
(-5 + -6 - -16) + (2 - -3)
10
Calculate -62 + 103 + -44 + -1 + 20.
16
1 - (-8 + (17 - -5))
-13
Calculate (-12 - -15) + 1 + 1 + -6.
-1
25 + 24 - 17 - (0 - -11)
21
Calculate 12 - ((-11 - (5 + -14)) + 30).
-16
What is 6 + (-4 - (-3 - -16 - 12))?
1
What is the value of 5 + -15 + 4 + 13?
7
Calculate -37 + -35 + 70 - 27.
-29
Evaluate -16 + -2 + (10 - (1 - (-7 - -4))).
-12
Calculate 17 + -5 - (11 + -1 - (11 + -5)).
8
Evaluate 5 - (0 + 6 + -7 - -8).
-2
Evaluate -19 - (-10 + (16 - 13)).
-12
Calculate 11 + -8 + -24 + 9.
-12
What is the value of -2 + -1 + (-4 - -8) + (-47 - -37)?
-9
What is the value of -54 + 40 - (-6 - -2)?
-10
What is -4 - (-13 + -9 - -2)?
16
Calculate (28 - -1 - (-22 - -21)) + -12.
18
Calculate -138 + 145 - ((-9 - -20) + (1 - -1)).
-6
Evaluate (-12 - -3) + 5 + 23 + -13.
6
Calculate -23 + 31 - (1 + 5 - (-22 - -13)).
-7
What is 6 - -5 - (9 - (9 + -3))?
8
Calculate 19 - 20 - (-4 + 2).
1
Evaluate (-31 - (-7 + -41)) + -17.
0
What is the value of 18 - 8 - (19 + -15)?
6
What is the value of -13 + 18 + -19 + 13?
-1
Evaluate 4 + (-3 - 0 - 9).
-8
Evaluate 68 - (-61 + 134) - (-1 - (1 + 0)).
-3
What is -1 + 1 + 15 + 8 + (3 - 0)?
26
What is (0 - -4) + (40 - 45) + (-4 - -9)?
4
-3 + -6 + 11 + (9 - 5) + -6
0
Evaluate -10 - -2 - (13 - (40 - 18)).
1
What is the value of 34 - -4 - (131 + -63)?
-30
What is (17 - 5) + -44 + (26 - 28)?
-34
Calculate (2 - 1 - -5) + (-36 - -2) + 22.
-6
0 + 2 + (3 - (6 + 5 + 1))
-7
Evaluate -25 - ((4 - (-23 - -26)) + (-7 - 0)).
-19
What is the value of (-26 - -2) + (-40 - -94) + -42?
-12
-16 - (33 - (-10 - -47))
-12
What is 0 - (-7 + 0 - (-27 - -22))?
2
Calculate 2 + (18 - (-22 + 58)).
-16
What is (-37 - -33) + (-15 + -1 - -4)?
-16
What is (-238 - -269) + 4 + -2?
33
What is the value of -342 - -338 - (-17 + 1 - (-2 + 4))?
14
Evaluate 1 + -8 + -16 + -12 + 47.
12
Calculate -3 + -8 + 8 + -12 + 6.
-9
What is (-7 - (-2 - -2 - 17)) + (10 - -2)?
22
-7 + 0 + (-10 - 3 - -20) + 15
15
Evaluate (-15 - -21) + -26 - -5.
-15
Calculate 2 - (-1 - 5) - (265 + -252).
-5
What is the value of 5 + (-4 + (-12 - -13) - 4)?
-2
Calculate 80 - (0 - (-35 - 5)).
40
Evaluate (-91 - -81) + -10 + 1 + 2.
-17
Evaluate (7 - -1) + (130 - 154).
-16
What is 20 + (6 - (15 - (7 - 0 - 3)))?
15
-5 - ((-11 - -24) + (2 - 33))
13
Calculate 0 + (14 - 6) + 4.
12
What is 3 - ((13 - (3 + -3)) + 66 + -68)?
-8
What is (6 - 21) + 25 - (0 + 6)?
4
What is (9 - (-12 - -15)) + -6 + -1?
-1
What is 3 - 24 - (-16 - -20 - (-2 - -10))?
-17
Evaluate 11 + (-3 + -6 + 7 - (-15 - -11)).
13
Calculate -9 + -2 + 12 + 5 + 16.
22
What is 8 + -16 + -10 + 3?
-15
Evaluate (20 - (23 + -10)) + -10.
-3
7 - 1 - ((-15 - -3) + 4 + 7)
7
Evaluate (-17 - -44 - 7) + (-12 - -1).
9
What is -20 - -27 - 9 - -19?
17
Evaluate 2 + (-1 - -1) - (-102 + 90).
14
What is the value of 0 + -1 - (34 - 23)?
-12
What is the value of -10 - (-23 + 3 + (-88 - -101))?
-3
Evaluate -6 - (-7 + -10 - -6).
5
What is the value of 10 + (-5 - -15 - 10)?
10
Calculate 27 + 32 - 30 - 9.
20
Evaluate (4 - 0) + 0 + -32 + 21.
-7
Evaluate 8 + -9 + 24 + -6 + 11 + -4.
24
Calculate 7 - -2 - (-14 + 29) - 13.
-19
Calculate 11 + 0 + 2 + -4.
9
Evaluate 8 + 11 + (-27 - -16) + -13.
-5
-6 + -24 + 22 + -29
-37
Calculate 15 - (-34 + 34 - (0 - 8)).
7
Evaluate -1 + -1 - (5 + (1 - -3) + -5).
-6
Evaluate 32 + -4 + -36 + 5.
-3
Evaluate 12 - (17 - (-4 + 23 - -11)).
25
-24 + -10 + 9 + 21
-4
Evaluate 4 - (-41 + 33 + (-17 - -2)).
27
What is the value of 17 + 13 + -27 + -1?
2
What is the value of 10 - 0 - (16 - (8 - -3))?
5
What is the value of 3 + 22 + (-16 - -11) + 5?
25
What is 6 + -9 - (17 - 16)?
-4
Evaluate (4 + -1 - (26 - 12 - 17)) + 5.
11
What is the value of -43 + (41 - 46) + 18 + -2?
-32
What is the value of -2 + 8 + -16 - (21 - 27)?
-4
Evaluate (-2 - -7 - (-2 + 22)) + 0.
-15
What is (-26 - (6 + -41 + 13)) + 10 + -1?
5
What is 3 - (-16 + (-4 - -9) + 40)?
-26
Calculate -6 - (1 + (4 - -1)).
-12
Evaluate -2 - (-5 + 11 + -3 + (4 - 6)).
-3
-3 - (2 + 1) - (51 - (5 - -21))
-31
Calculate 107 + -101 + (-20 - (0 - 0 - 0)).
-14
What is -7 + -1 + (54 + -23 - 23)?
0
What is 2 + (1 - ((7 - 2) + 3))?
-5
17 + (-2 - -10 - 1 - (-82 + 90))
16
What is the value of 30 - (3 + 7 + (26 - 23))?
17
856 - 811 - (63 + 1)
-19
Calculate (353 - 341) + -1 + -5.
6
Calculate (-4 + 11 + -1 - 7) + (-6 - 2).
-9
2 - (8 + 0 + (2 - (5 + -2)))
-5
What is the value of 21 + (46 - 38 - (13 - -2))?
14
-40 - (8 - (9 + 19))
-20
What is 40 + (-42 - -6) + -35?
-31
Calculate 5 - (1 + -1 + -41 + 47).
-1
What is 25 - (1 + 1) - (-79 - -85)?
17
-13 + (3 - 11) + 12 + -5 + -3
-17
Evaluate 161 + -164 + (0 + 1 - 1).
-3
What is the value of 35 + -17 + (29 - 23)?
24
What is the value of 21 - (1 - 17 - -18)?
19
-7 - (-8 + -7 + 1)
7
What is the value of 6 + 28 + (146 - 172)?
8
Calculate -1 + 8 + 4 + -8 - 0 - 17.
-14
-133 - -160 - ((-5 - 5) + 6)
31
Evaluate -113 + 115 - (-2 - (-1 + 11)).
14
What is 5 +